te the highest common factor of a and 8.
8
Suppose 7*z - 3*z = 0. Let m(y) = -16 + 48 - y**2 + 13 + z*y**2. Let i be m(0). Calculate the greatest common factor of 30 and i.
15
Suppose 0 = -3*f + 6, 35*f = 3*s + 36*f - 1493. What is the greatest common divisor of 71 and s?
71
Let f(q) = 51*q - 300. Let r be f(6). What is the greatest common factor of 93 and r?
3
Let l = 200 + -197. Calculate the greatest common factor of 12 and l.
3
Let k = 828 - 733. What is the greatest common factor of 57 and k?
19
Suppose 2 - 8 = -4*j + 2*x, 4*x = -2*j - 12. Let w be 4 - (j - -1) - -9. Suppose 8*s - 3*s - 180 = 0. What is the greatest common factor of s and w?
12
Let w = -2 - -21. Let r(m) = 5*m**2 - 4. Let a be r(-4). Suppose 27*y - 26*y = a. Calculate the highest common divisor of y and w.
19
Suppose -l + 4*l + 4*z - 1230 = 0, -l = z - 410. Calculate the greatest common divisor of 10 and l.
10
Let s = 162 - 84. What is the greatest common divisor of s and 195?
39
Let o be (-12 + -2)*-4*4/56. Suppose 0*z + 4*z - 64 = o*p, 0 = 5*z + 4*p - 80. Calculate the highest common factor of z and 4.
4
Let u be 7 - 18*(-3)/6. Calculate the highest common divisor of 34 and u.
2
Let l = -218 + 253. What is the highest common divisor of l and 315?
35
Let d(m) = 2*m + 12. Let k be d(-4). Suppose k*n - 8*n = -t - 213, 2*n - 2*t = 114. What is the greatest common factor of 13 and n?
13
Let u(v) = v**3 + 6*v**2 + v - 3. Let z be u(-4). Let g(c) = 11*c - 29. Let o be g(8). Suppose -58*r = -o*r + 100. What is the highest common factor of r and z?
25
Suppose 0 = 3*t - 7*t - q + 7, 4*t = q + 17. Let u be (-957)/(-110) - (-15)/50. What is the highest common divisor of u and t?
3
Let i(t) = 5*t**2 + 3*t - 9. Let y be i(2). What is the highest common factor of y and 1751?
17
Suppose 0 = 35*x - 20736 + 5126. What is the greatest common factor of x and 2?
2
Suppose 8*o = -11*o + 7163. What is the highest common divisor of 52 and o?
13
Let u(w) = 3*w**2 - 9*w - 71. Let k be u(-5). What is the greatest common divisor of k and 245?
49
Suppose 5*k - 2*j - 710 = 120, -666 = -4*k + 2*j. What is the greatest common divisor of 20 and k?
4
Let f(h) = -19*h + 14*h**2 - 21*h - 9 + 2*h**3 + 45*h. Let u be f(-6). What is the highest common divisor of u and 3?
3
Let u(p) = -43*p - 33. Let w be u(-1). What is the greatest common factor of 34 and w?
2
Suppose 4*t + 0*t - 24 = 2*v, 5*v = -2*t + 36. Let f be (-98)/784 + 513/8. Calculate the greatest common factor of f and t.
8
Let j = 75 - 3. Let v = -68 + j. What is the highest common factor of 4 and v?
4
Suppose -5*m + 2*m + 6 = 0. Suppose 3*d - 10 = -m*d. Suppose -3*o + b = -18 - 15, 0 = 3*o + d*b - 42. Calculate the highest common factor of o and 18.
6
Let s be (8 + -4)/(1/10). What is the highest common divisor of s and 5?
5
Let o = 403 - 399. Suppose -2*v = 3*v - 160. What is the greatest common divisor of o and v?
4
Let k be 89 + (-19 + 4)/(-5). Suppose -5*n + k + 108 = 0. Calculate the greatest common factor of 100 and n.
20
Suppose -i + 5*h + 2 = i, -3*h = -4*i + 18. Let q be (i/7)/((-2)/(-98)). Calculate the highest common factor of q and 378.
42
Let t be ((-176)/(-3))/(-4)*-3. Let r be (243/(-18))/(2/4). Let h = r + t. Calculate the greatest common divisor of h and 34.
17
Let k(f) = 2*f + 4. Let j be k(6). Let d = -10 + j. Let x be (-690)/1265*22/(-4). Calculate the highest common factor of d and x.
3
Let q(m) = -m**3 + 51*m**2 - 144*m + 16. Let c be q(48). What is the greatest common divisor of 2 and c?
2
Let x be 13*((-1 - -1) + -5 + 6). Let k(j) = j + 23. Let g be k(3). Calculate the highest common factor of g and x.
13
Let x(b) = 2 - 4*b**2 + 5*b**2 - b - 7*b**3 + 4*b. Let f be x(-2). Let s = -1582 + 1589. Calculate the highest common factor of f and s.
7
Suppose 0 = 3*y - 4*y + m + 36, 3*y - m - 114 = 0. Let l be 3*y*(-1)/(-3). Calculate the highest common divisor of 26 and l.
13
Let h = 32 - 24. Let m(j) = 2 - 15*j + 3*j + 3 - 1. Let o be m(-5). Calculate the greatest common factor of h and o.
8
Let u = -216 - -396. Suppose o = 6*o - u. Suppose 15 = h - o. Calculate the greatest common factor of 34 and h.
17
Suppose p + 2*b - 8 = 6*b, -2*p + 4*b = -36. Let f = p + -30. Let z be ((-21)/f)/(4/72). What is the greatest common divisor of z and 27?
27
Let s be 1 + -3*1 + 299 + 25. Calculate the greatest common factor of 46 and s.
46
Let h be (-21920)/(-560) + 2/(-14). Suppose 0 = -3*p - 9, 2*n = -p + 29 + 358. Calculate the greatest common divisor of n and h.
39
Let l be (-5 - -6) + 15 + 12/(-3). Calculate the highest common divisor of l and 3012.
12
Let o be 894/16 - (-5 + (-39)/(-8)). What is the greatest common divisor of o and 32?
8
Let v(y) = -y + 6. Let h be v(-14). Calculate the greatest common divisor of 4 and h.
4
Let q = -630 - -729. What is the highest common factor of q and 77?
11
Let n be (-6 - (-9 + 5)) + 4. Suppose 0 = -4*a + 4. What is the highest common divisor of a and n?
1
Suppose 4*f = 16, -26*f = 4*l - 28*f - 1252. Calculate the highest common factor of 441 and l.
63
Suppose 8*u - 203 = -59. What is the highest common divisor of u and 384?
6
Let z(u) = u**2 + 3*u - 45. Suppose 3*f - 38 = 5*b, 6*f + b = f + 26. Let d be z(f). What is the highest common factor of d and 3?
3
Suppose -6*c = -30 + 6. Suppose c = 2*d - 10. Let y = -31 - -59. What is the greatest common divisor of y and d?
7
Suppose -4*p + 150 = -18. Suppose 34*d - 52*d + 3780 = 0. Calculate the greatest common factor of p and d.
42
Let t = -7 + 63. Suppose 0 = -4*q + 2 + 6. Suppose 2*w - 3 = -q*l + 19, -3*l = 9. What is the greatest common divisor of t and w?
14
Suppose -2*g = 9*l - 5*l - 180, 2*g - 135 = -3*l. Calculate the greatest common divisor of l and 1215.
45
Let v(c) = -c**2 + 9*c - 10. Let m be v(7). Let f be 82/26 - (-10)/(-65). Suppose -2 + 4 = k, -5*h + 66 = f*k. Calculate the greatest common divisor of h and m.
4
Suppose -476 = -3*j - 4*x, -770 = 211*j - 216*j + 5*x. What is the greatest common factor of j and 325?
13
Suppose i = 2*z - 214 + 72, -z - 3*i + 78 = 0. What is the highest common factor of z and 48?
24
Suppose -2*y - 2*t = 20, -3*y + 0*y = 5*t + 40. Let b(s) = -6*s - 3. Let g be b(y). What is the highest common factor of g and 18?
9
Let o be 300/18 - (5 + (-26)/6). Calculate the highest common factor of o and 24.
8
Let f = -47 + 47. Suppose f = -2*h - 4*z + 10, -2*h - 34 = -7*h - z. Calculate the highest common divisor of h and 28.
7
Let k = -254 - -358. Suppose 3*w + 14 = 53. Let d = w + 0. What is the greatest common divisor of d and k?
13
Let g(z) = -2*z**3 - 23*z**2 - 55*z - 2. Let j be g(-3). What is the highest common factor of j and 1250?
10
Suppose 0 = -y - 4*y + 40. Suppose y*d + 170 = 474. What is the highest common factor of d and 114?
38
Suppose 0*b + 1 = -b. Let h be b*(-6)/4*2. Calculate the greatest common factor of h and 27.
3
Let m be ((-8)/(-5))/((-148)/(-5550)). Calculate the greatest common divisor of m and 24.
12
Let u(l) = l**3 + 7*l**2 - 2*l + 1. Let n = -21 - 0. Let o = n + 14. Let i be u(o). Calculate the highest common factor of 105 and i.
15
Suppose 0 = 4*l + 3*q - 65, 4*l - 55 = -5*q - 0*q. Suppose -c - 5*c = -90. Suppose -5 = -k + 2*m - 3, c = 5*m. What is the highest common factor of l and k?
4
Let t be (-3)/3*42/(-2). Let d be 105/(-9) - 1/3. Let k = d + 33. What is the highest common factor of k and t?
21
Let d(y) = -10*y + 14. Let k be d(-2). Suppose -306 = -10*x + 7*x. Calculate the highest common factor of x and k.
34
Suppose 153 = 8*v + 41. What is the highest common factor of v and 126?
14
Let p(r) = -r**3 + 25*r**2 + 60*r - 87. Let f be p(27). Calculate the greatest common factor of f and 240.
15
Let s(y) = 4*y**3 + 7*y - 2*y**3 + 0*y - 9*y**2. Let a be s(6). Let x(q) = q + 30. Let z be x(-5). What is the greatest common factor of z and a?
25
Suppose t = 11*t - 30. Suppose 2 = y + 4. Let a(p) = -2*p - 3. Let f be a(y). What is the greatest common factor of f and t?
1
Let x = 40 + -28. Suppose -435 = 9*o - x*o. What is the highest common factor of 29 and o?
29
Let r(t) = t**3 - 2*t**2 - 29. Let j be r(7). What is the greatest common factor of 486 and j?
54
Let h(v) = 2*v**3 - 3*v**2 - 3*v - 6. Let b be h(5). Suppose -4*q - j = -58, 4*j - 3 = 2*q - 23. What is the highest common divisor of b an